{"id":5,"date":"2017-07-24T16:34:39","date_gmt":"2017-07-24T16:34:39","guid":{"rendered":"http:\/\/fundacaomariomiguel.eu\/?page_id=5"},"modified":"2017-07-25T11:39:19","modified_gmt":"2017-07-25T11:39:19","slug":"informacao-aos-utentes","status":"publish","type":"page","link":"http:\/\/fundacaomariomiguel.eu\/?page_id=5","title":{"rendered":"Informa\u00e7\u00e3o aos Utentes"},"content":{"rendered":"<p><strong>DIREITOS:<\/strong><\/p>\n<ul>\n<li>Receber assist\u00eancia sem discrimina\u00e7\u00e3o de qualquer esp\u00e9cie;<\/li>\n<li>Sigilo sobre o processo de internamento;<\/li>\n<li>Ser tratado com respeito pela sua dignidade humana;<\/li>\n<li>Ser informado sobre o seu estado de sa\u00fade, tratamentos e servi\u00e7os prestados;<\/li>\n<li>Manter rela\u00e7\u00e3o com os familiares e amigos, sempre que tal n\u00e3o interfira no seu processo de internamento, respeitando as normas e hor\u00e1rios fixados pela institui\u00e7\u00e3o;<\/li>\n<\/ul>\n<p>&nbsp;<\/p>\n<p><strong>DEVERES:<\/strong><\/p>\n<ul>\n<li>Aceitar as regras de organiza\u00e7\u00e3o interna, bem como, as instru\u00e7\u00f5es do pessoal de servi\u00e7o;<\/li>\n<li>Respeitar os outros utentes;<\/li>\n<li>N\u00e3o danificar o patrim\u00f3nio da institui\u00e7\u00e3o;<\/li>\n<li>Satisfazer os pagamentos legalmente exigidos;<\/li>\n<\/ul>\n<p>&nbsp;<\/p>\n","protected":false},"excerpt":{"rendered":"<p>DIREITOS: Receber assist\u00eancia sem discrimina\u00e7\u00e3o de qualquer esp\u00e9cie; Sigilo sobre o processo de internamento; Ser tratado com respeito pela sua dignidade humana; Ser informado sobre o seu estado de sa\u00fade, tratamentos e servi\u00e7os prestados; Manter rela\u00e7\u00e3o com os familiares e amigos, sempre que tal n\u00e3o interfira no seu processo de internamento, respeitando as normas e [&hellip;]<\/p>\n","protected":false},"author":1,"featured_media":595,"parent":0,"menu_order":0,"comment_status":"closed","ping_status":"closed","template":"","meta":{"footnotes":""},"class_list":["post-5","page","type-page","status-publish","has-post-thumbnail","hentry"],"_links":{"self":[{"href":"http:\/\/fundacaomariomiguel.eu\/index.php?rest_route=\/wp\/v2\/pages\/5","targetHints":{"allow":["GET"]}}],"collection":[{"href":"http:\/\/fundacaomariomiguel.eu\/index.php?rest_route=\/wp\/v2\/pages"}],"about":[{"href":"http:\/\/fundacaomariomiguel.eu\/index.php?rest_route=\/wp\/v2\/types\/page"}],"author":[{"embeddable":true,"href":"http:\/\/fundacaomariomiguel.eu\/index.php?rest_route=\/wp\/v2\/users\/1"}],"replies":[{"embeddable":true,"href":"http:\/\/fundacaomariomiguel.eu\/index.php?rest_route=%2Fwp%2Fv2%2Fcomments&post=5"}],"version-history":[{"count":8,"href":"http:\/\/fundacaomariomiguel.eu\/index.php?rest_route=\/wp\/v2\/pages\/5\/revisions"}],"predecessor-version":[{"id":606,"href":"http:\/\/fundacaomariomiguel.eu\/index.php?rest_route=\/wp\/v2\/pages\/5\/revisions\/606"}],"wp:featuredmedia":[{"embeddable":true,"href":"http:\/\/fundacaomariomiguel.eu\/index.php?rest_route=\/wp\/v2\/media\/595"}],"wp:attachment":[{"href":"http:\/\/fundacaomariomiguel.eu\/index.php?rest_route=%2Fwp%2Fv2%2Fmedia&parent=5"}],"curies":[{"name":"wp","href":"https:\/\/api.w.org\/{rel}","templated":true}]}}